 10) in base 4?
13033311
Convert -15374 (base 10) to base 13.
-6cc8
Convert 72e (base 15) to base 2.
11001010011
Convert 310b (base 16) to base 10.
12555
Convert 4c7 (base 13) to base 5.
11324
Convert 23323 (base 4) to base 9.
1037
What is -1121120 (base 3) in base 12?
-820
2072 (base 8) to base 5
13312
-12310 (base 5) to base 15
-43a
Convert -1100110010001111 (base 2) to base 5.
-3133432
What is -2010132 (base 5) in base 14?
-b8bb
c92 (base 14) to base 8
4660
What is 80cb (base 13) in base 3?
220100011
Convert 2c1 (base 14) to base 3.
202210
What is -12e (base 16) in base 9?
-365
-c74b (base 16) to base 4
-30131023
Convert 2102031 (base 4) to base 3.
110211120
What is -21447 (base 9) in base 14?
-5278
What is -1011001100110 (base 2) in base 12?
-339a
-57e (base 16) to base 3
-1221002
2011002 (base 3) to base 13
938
-1101111001111 (base 2) to base 5
-211434
What is -36891 (base 10) in base 8?
-110033
Convert fd50 (base 16) to base 7.
360030
-3851 (base 12) to base 15
-1d67
What is -1593 (base 13) in base 8?
-6132
4330 (base 12) to base 4
1303110
Convert 363 (base 14) to base 9.
830
Convert 13705 (base 8) to base 13.
2a01
298c (base 15) to base 11
6768
-323022 (base 4) to base 2
-111011001010
Convert 76367 (base 10) to base 9.
125672
What is 2a416 (base 12) in base 9?
100360
-220111201 (base 3) to base 11
-12472
What is 10010000110 (base 2) in base 10?
1158
What is -12473 (base 10) in base 5?
-344343
What is 1141 (base 7) in base 2?
110100101
-4b (base 15) to base 7
-131
What is -650 (base 11) in base 9?
-1057
-a62 (base 15) to base 13
-10b2
20323 (base 9) to base 12
78b6
What is -26b (base 12) in base 10?
-371
Convert 353 (base 9) to base 10.
291
What is 8425 (base 11) in base 2?
10101110010111
What is 10101000001111 (base 2) in base 13?
4b93
What is 852 (base 16) in base 4?
201102
Convert -108 (base 14) to base 8.
-314
-1398 (base 14) to base 11
-2671
Convert 1002101 (base 3) to base 14.
409
What is -96 (base 15) in base 8?
-215
What is 13cc0 (base 13) in base 9?
56184
What is -1146 (base 7) in base 3?
-120210
-13144 (base 5) to base 2
-10000011001
What is 260 (base 8) in base 13?
107
What is -1546 (base 7) in base 3?
-212001
Convert 2744 (base 8) to base 10.
1508
What is -11 (base 14) in base 2?
-1111
What is -b92 (base 12) in base 10?
-1694
What is -231106 (base 7) in base 16?
-a0ff
-110021 (base 7) to base 2
-100101100010111
What is -10010121 (base 3) in base 15?
-a24
-295 (base 13) to base 5
-3320
Convert 84a (base 13) to base 6.
10314
Convert -10110101001 (base 2) to base 6.
-10413
What is -23311 (base 4) in base 15?
-357
Convert -127c5 (base 14) to base 8.
-130611
What is -1535 (base 8) in base 10?
-861
Convert -aa3 (base 14) to base 3.
-2212220
Convert 1141014 (base 5) to base 6.
243000
5817 (base 9) to base 2
1000011010101
Convert 883 (base 13) to base 6.
10431
What is 2111 (base 5) in base 3?
101102
Convert 22665 (base 7) to base 12.
3459
What is -40023 (base 5) in base 15?
-b28
Convert 29656 (base 10) to base 8.
71730
Convert 81b (base 15) to base 14.
946
Convert -1110010110000 (base 2) to base 12.
-4300
Convert -23396 (base 10) to base 5.
-1222041
-44875 (base 9) to base 5
-1424001
-31767 (base 9) to base 8
-51060
What is 221001 (base 3) in base 16?
2a4
2a502 (base 12) to base 3
10000120202
115 (base 11) to base 6
345
What is 2c72 (base 13) in base 11?
4993
What is -100000110 (base 3) in base 16?
-19ad
204132 (base 6) to base 2
100000001011000
5b7 (base 12) to base 9
1154
29f (base 16) to base 9
825
What is -4477 (base 10) in base 7?
-16024
What is 36 (base 9) in base 2?
100001
586b (base 12) to base 9
14482
Convert -210 (base 5) to base 4.
-313
8c6 (base 13) to base 2
10111101010
What is -1993 (base 14) in base 9?
-6322
What is 17693 (base 13) in base 4?
23000102
Convert 32211 (base 4) to base 14.
4a9
Convert 120142 (base 5) to base 12.
2686
1022110 (base 3) to base 10
957
62c (base 15) to base 2
10101110000
386 (base 10) to base 12
282
What is 10010001101 (base 2) in base 9?
1534
-1000000000110001 (base 2) to base 14
-bd61
Convert -1020014 (base 5) to base 10.
-16884
Convert 1268 (base 9) to base 4.
32321
What is 13272 (base 13) in base 12?
18713
Convert 23010301 (base 4) to base 6.
550001
5065 (base 7) to base 16
6e2
What is -3454 (base 9) in base 8?
-5000
-5923 (base 10) to base 3
-22010101
2965 (base 10) to base 5
43330
-54051 (base 6) to base 15
-22ba
What is -46 (base 16) in base 2?
-1000110
237 (base 8) to base 14
b5
What is 61c (base 13) in base 9?
1374
What is 576 (base 12) in base 10?
810
Convert 50021 (base 7) to base 8.
27364
Convert 8907 (base 13) to base 14.
6d68
What is 4b04 (base 12) in base 11?
6428
-323302 (base 4) to base 8
-7362
Convert -1010011101 (base 2) to base 5.
-10134
What is -585 (base 14) in base 6?
-5025
Convert 40042 (base 6) to base 15.
1825
102423 (base 5) to base 2
110110100000
What is -47674 (base 9) in base 10?
-31900
-3233 (base 4) to base 5
-1424
-5778 (base 9) to base 13
-1c46
50 (base 16) to base 13
62
What is 1021220 (base 3) in base 4?
32232
Convert 110110111110 (base 2) to base 16.
dbe
313 (base 8) to base 9
245
211220 (base 4) to base 7
10010
What is -2b7f (base 16) in base 13?
-50b7
241121 (base 5) to base 12
51a7
Convert -35532 (base 6) to base 10.
-5168
-5481 (base 9) to base 2
-111111001010
73332 (base 8) to base 3
1112201220
What is -5bd (base 15) in base 9?
-1707
2318 (base 11) to base 9
4152
Convert -10304 (base 5) to base 2.
-1011000000
What is 836 (base 9) in base 10?
681
What is -364025 (base 7) in base 16?
-102aa
What is 22102021 (base 3) in base 14?
2344
62e7 (base 15) to base 6
240501
Convert -327 (base 16) to base 7.
-2232
-4033 (base 5) to base 9
-635
What is -727 (base 14) in base 8?
-2577
863 (base 12) to base 10
1227
Convert -2150 (base 14) to base 16.
-167a
Convert 8329 (base 11) to base 6.
123042
What is 265 (base 13) in base 10?
421
103204 (base 5) to base 7
13235
What is -10100100 (base 2) in base 7?
-323
What is -1492 (base 12) in base 6?
-15102
Convert -25122 (base 7) to base 3.
-100000210
-1848 (base 10) to base 14
-960
What is 110010000011 (base 2) in base 14?
124b
What is 1013113 (base 4) in base 3?
20021011
Convert 100100 (base 2) to base 10.
36
Convert 20212200 (base 3) to base 6.
35113
Convert -10011021 (base 3) to base 14.
-ba6
Convert -151243 (base 6) to base 5.
-431241
Convert 11100010010 (base 2) to base 15.
80a
41 (base 15) to base 5
221
Convert 4167 (base 9) to base 3.
11012021
What is -38 (base 13) in base 12?
-3b
Convert -5535 (base 6) to base 5.
-20113
Convert 1042 (base 6) to base 9.
288
Convert -414b (base 14) to base 16.
-2be7
What is 222122 (base 3) in base 6?
3155
-212 (base 8) to base 5
-1023
Convert 101010 (base 3) to base 10.
273
Convert -115032 (base 6) to base 16.
-27bc
Convert -c72 (base 16) to base 6.
-22430
What is -1089d (base 14) in base 7?
-224656
Convert -12422 (base 5) to base 3.
-1100120
What is -250543 (base 6) in base 10?
-22239
Convert 1111121 (base 3) to base 5.
13341
-2400 (base 5) to base 14
-1b0
Convert 946 (base 11) to base 12.
7ab
Convert -1121112 (base 4) to base 9.
-7753
Convert 1100211 (base 4) to base 9.
7060
Convert 312 (base 7) to base 8.
234
Convert -10101111011 (base 2) to base 11.
-1066
Convert 150252 (base 6) to base 16.
3818
-340 (base 12) to base 5
-3410
Convert 1040 (base 6) to base 9.
286
What is -54305 (base 6) in base 4?
-1310201
What is -633 (base 8) in base 13?
-258
Convert -14031 (base 8) to base 15.
-1c64
What is -11110010110 (base 2) in base 7?
-5443
-11101101 (base 2) to base 13
-153
What is -506 (base 12) in base 4?
-23112
What is b5d (base 15) in base 9?
3457
-137a0 (base 12) to base 2
-110100110101000
What is 110200100 (base 3) in base 8?
22033
-2325 (base 10) to base 5
-33300
What is -d37 (base 14) in base 11?
-1a51
Convert 29a (base 11) to base 13.
210
44a (base 11) to base 10
538
What is 156 (base 15) in base 4?
10302
What is 1dc (base 15) in base 6?
2000
Convert -1314 (base 5) to base 14.
-10d
Convert 280 (base 11) to base 15.
170
What is -13 (base 14) in base 12?
-15
Convert -98 (base 10) to base 2.
-1100010
What is -11811 (base 9) in base 14?
-2c7a
-106d (base 15) to base 7
-13066
6776 (base 8) to base 6
24330
Convert ebe (base 15) to base 7.
12464
Convert -4627 (base 9) to base 13.
-17